1*2/(2/(-1)) - s a composite number?
True
Let q(n) = n + 35. Let x(r) = -r - 17. Let f(y) = -3*q(y) - 5*x(y). Let a be f(13). Suppose s = -a*s + 6671. Is s prime?
True
Is -114819*(75/45)/(-5) prime?
True
Suppose -25*o + 23*o = 32. Is -6 - -1 - 361*o a prime number?
False
Is (-272358)/(1 + 2)*((-3)/2 + 1) composite?
True
Let i(t) = -t**2 - 16*t - 45. Let w be i(-6). Suppose 383 = 3*h + 5*d, 2*d - 129 - 125 = -2*h. Let f = w + h. Is f composite?
True
Let b = -39 - -80. Let w = -38 + b. Is 1 - (-10 + -3 + w) composite?
False
Suppose -23*f - 2052 = -25*f. Suppose 2*v - 4*v - 4*s = -f, -3*s + 510 = v. Is v prime?
False
Suppose 5*s = 44 - 9. Suppose 0 = 2*k + d - s, 22 = -k + 3*k - 4*d. Suppose -k*n - 673 = -6*n. Is n composite?
False
Suppose -38 = -6*j - 20. Suppose -j*y = 19*y - 6710. Is y a prime number?
False
Let u(l) = -l**3 + 4*l**2 + l - 7. Let v = 15 - 11. Let f be u(v). Is 274/15*(-11 + 6)*f a prime number?
False
Let q = 45 + -43. Suppose -o + 2*k = -2*k + 7, q*o = -2*k - 34. Is ((-9429)/o - -4)*5 prime?
True
Suppose 2*v = -4*b + 171593 + 127477, 5*v - 4*b = 747731. Is v composite?
False
Let q = 105 + -477. Let v = q - -557. Let z = 110 + v. Is z prime?
False
Let i(f) = 19 + 39 - 3035*f + 24 - 49. Is i(-2) a prime number?
False
Let p(v) = 1545*v + 161. Suppose -2*q + 196 = 184. Is p(q) composite?
False
Suppose 3*p + 3*b = 3920700, 2*p - 2*b - 1104210 - 1509570 = 0. Is p composite?
True
Let q be 0 + (-4 + 1)*-1. Suppose 5*j - r = 9*j - 66592, q*j = 2*r + 49955. Is j a composite number?
False
Suppose 0 = 5*r - 4*u - 17041, -3*r - 2*u = -4*u - 10223. Suppose -4*w - w + r = -5*n, 4*n - 12 = 0. Is -1 + 2 + 1 + w + 3 a prime number?
False
Let w be 18/4 + 4/8. Let b(z) = z**3 - 3*z**2 - 7*z - 10. Let o be b(w). Suppose -5*r = -3*p - 2*r + 3762, -o*r = 5*p - 6220. Is p composite?
False
Let z = -136 - 355. Let v = z + 724. Is v prime?
True
Let d = -98 - -106. Suppose 2*n + 48052 = 4*f, -4*f + d*f - n - 48054 = 0. Is f composite?
True
Is 6/39 - (16 - 9 - 4666580/26) prime?
False
Let p = 11897 - 7280. Let s be (-2 + 2)/(2/(-1)). Suppose u + u - 5*o - p = s, 4*o - 11625 = -5*u. Is u a prime number?
False
Let k(g) = 4*g**2 + 3*g - 5. Let x be k(2). Suppose 0 = -7*f + x*f - 56150. Is f a composite number?
True
Is ((-3)/(-3))/(-10 + (-160182)/(-16018)) composite?
False
Let w(n) = -547*n**3 - 5*n**2 - 5*n - 2. Let o be w(-4). Suppose 9*t + o = 124271. Suppose -t = 2*f - 7*f. Is f composite?
True
Let j = -2183 + 3982. Is j a prime number?
False
Let m = 2571 - -674. Let f(j) = 3*j**2 - 21*j - 30. Let a be f(28). Let g = m - a. Is g prime?
True
Let t be (17/51)/(2/(-6)). Let l be (0/2)/((-2)/t). Suppose -5*f + 4*p + 295 = l, 2*f - p - 134 = -16. Is f a composite number?
False
Suppose 30 = 14*u - 82. Let s be 2713/(1 + -2) + (u - 6). Let w = -1834 - s. Is w a composite number?
False
Let d(o) = -o**3 - 5*o**2 + 8*o + 14. Let m be d(-6). Suppose -2*x + 13752 = 2*j, x = -m*j - 2*j + 6876. Is (2/(-3))/((-24)/x) a prime number?
True
Let o(c) = c**2 + 37*c - 126. Let z be o(-40). Is z + 5439 + 2 + -4 a prime number?
True
Is (-8 - -11) + (-7)/((-21)/707982) a prime number?
True
Suppose 4*q + 3*j + 89 = 318, -2*q = 3*j - 107. Let n(b) = 2 + 173*b - 3 + q*b. Is n(3) prime?
True
Suppose -18*d + 26*d - 80 = 0. Suppose -3*h + 6 = -0*h. Is (4068/(-15) - h)*d/(-4) a prime number?
True
Suppose 3*j = 4*o + 1402185, 2*o + 168482 + 766310 = 2*j. Is j prime?
True
Let s = 9348 - 5397. Suppose -7233 = -3*z - 3*i, 0 = -3*z + 5*i + s + 3290. Suppose -5*a + 4*q - 617 + z = 0, -2*q = -4*a + 1430. Is a prime?
False
Let h(s) = -64 + 51*s - 18*s - 22*s + 16*s**2. Is h(-31) a prime number?
False
Let k(s) = 77*s**2 + 70*s - 86. Is k(17) a prime number?
True
Let u be ((-13838)/(-44))/((-5)/4 - -1). Let w = -339 - u. Is w prime?
True
Let d(x) be the second derivative of -x**3/3 + x**2 - 16*x. Let j be d(0). Suppose 322 - 1296 = -j*t. Is t a composite number?
False
Let h be 1/4 - ((-303)/(-12) + -5). Let v be (-9)/((-18)/h) + -1. Let d(q) = -47*q - 26. Is d(v) a prime number?
True
Let d(a) = 410*a**2 + 26*a + 54. Is d(-2) composite?
True
Let k(l) = 49*l**2 + 66*l + 124. Is k(23) a prime number?
False
Let q(c) = -1312*c - 273. Let n be q(-28). Suppose u = 4*k - n, u - 2*u = k - 9112. Is k prime?
False
Let i = 364183 - -22668. Is i a composite number?
False
Let p = -33 + 36. Let w be 1285/10 + 1 + p/(-2). Let g = w + 90. Is g prime?
False
Let i = 7706 + 2389. Suppose 0 = -2*g + i - 1121. Suppose -3*p + g = 728. Is p a prime number?
False
Let c be 1*-2*(-3 + 8 + -2). Is (10*12946)/(-2)*c/12 a prime number?
False
Suppose 0*s + 409 = s + 5*w, 1900 = 5*s - 4*w. Let g = 761 - s. Is g composite?
True
Suppose 15*a = 21*a - 1668522. Is a a composite number?
False
Let g = 211489 + -60948. Is g a prime number?
False
Let j be 265*(4 + (-96)/30). Let q = j + 21. Is q prime?
True
Let z = 308545 - 65916. Is z a composite number?
False
Let x = -142 + 170. Is x/15 + (-10)/(-75) - -2331 a prime number?
True
Let v = 41937 + 40762. Is v a prime number?
True
Let t(c) be the second derivative of 77*c**6/720 - 49*c**5/120 + 5*c**4/12 - 26*c. Let m(i) be the third derivative of t(i). Is m(6) a prime number?
False
Let q(u) = -38*u + 6. Let f be q(2). Let n be (-2)/(-6) + 3/((-45)/f). Suppose -3*h = 5*z + h - 3519, 5*z + n*h - 3515 = 0. Is z composite?
True
Suppose -2376488 - 554861 = -29*p. Is p a prime number?
True
Let u(w) = 306*w**2 - 774*w + 193. Is u(60) a prime number?
False
Suppose 4*o + 53391 = -o - 2*z, -o + 3*z = 10668. Let l be 0 - o - 21/(-21). Suppose 0 = -3*n + 5*x + 2917 + l, 5*n + 2*x - 22679 = 0. Is n prime?
False
Let k = 44679 + 33103. Suppose -2*c = 2, 3*t - 8*c = -7*c + k. Is t composite?
True
Let p = -104048 + 247602. Is p a composite number?
True
Let s = 42 + -46. Let q(t) = 165*t - 5. Let v(p) = -55*p + 2. Let w(a) = s*q(a) - 11*v(a). Is w(-1) a prime number?
True
Let y(v) be the first derivative of -121*v**2/2 - 73*v - 41. Let x be y(-7). Suppose 0 = -h + x + 95. Is h prime?
False
Let m(l) = 8369*l**2 - 64*l + 26. Is m(11) composite?
True
Suppose -2*b - 2*h = -376338, -14*b = -31*b - 5*h + 3198969. Is b composite?
True
Let z(j) = -3*j**3 + 42*j**2 + 34*j - 111. Is z(-40) a prime number?
False
Suppose 167*q - 12*q - 28533336 = -157*q. Is q composite?
False
Suppose 3*s - 5*g - 75 = 0, 0*s + 4*g + 25 = s. Suppose s = 5*t, 2*b = 4*t - 12 - 22. Is (7 + 42/b)*958/2 composite?
False
Suppose -3*h = 3*q - 3837492, -2*h = -h + 7. Is q a prime number?
True
Let m(i) = 67*i**2 - 10*i + 19. Suppose -37*c + 24 = -33*c. Is m(c) prime?
True
Suppose 7105*x - 174232 = 7097*x. Is x a composite number?
True
Suppose 8*h + 2429868 = 21*h + 29*h. Is h a composite number?
True
Let k(j) = 22*j**2 + 4*j - 3. Let u be k(1). Suppose 10*i - u*i = -42887. Is i composite?
False
Let n = 76 - 71. Suppose -3*x + 97 = l, l - n*x + 3*x = 72. Is l prime?
False
Suppose -11*j + 36 = -5*j. Let n(w) = 29*w**2 - 4*w - 11. Is n(j) a prime number?
True
Suppose -10*d = -306175 - 211495. Is d composite?
False
Let r(a) = -146*a + 18. Let y be r(7). Let o = 3323 - y. Is o composite?
False
Suppose 0*m - m - 1 = -2*y, -2*y + 5*m = -5. Let h(k) = -k**3 - k**2 + 1566. Let a be h(y). Let z = a - 1097. Is z composite?
True
Suppose 2*w - 7*w = w. Suppose w = -y + 16 - 11. Suppose 3 = k, 2*c + 2*c = y*k + 2477. Is c composite?
True
Is ((-20)/(-360)*-4582722)/((-3)/18*2) prime?
True
Let z(f) = 4*f - 10. Suppose -6 - 6 = -4*t. Let j be z(t). Suppose 5*a = j*a + 1893. Is a a composite number?
False
Let k be -1091 + -2 + -4*3/12. Let v = k + 2455. Is v a composite number?
False
Let f(y) = 968*y**2 - 4*y + 13. Let d be f(3). Let x = d - 5192. Is x prime?
False
Let k(s) = 51*s**2 + 160*s - 2298. Is k(17) composite?
False
Let r(v) be the third derivative of 9*v**6/40 - 17*v**5/60 + 13*v**4/24 - v**3/6 + 237*v**2. Is r(6) prime?
True
Suppose -v - 179842 = -14*v. Let w(r) = -5*r - 23. Let f be w(-5). Suppose f*q - v = -4*a, 0 = 4*a - 3*q - 2*q - 13813. Is a composite?
False
Suppose -40*v - 4*q + 16318 = -39*v, 2*v + q - 32643 = 0. Is v a composite number?
True
Is 1105/(-85) - 1*-5 - -758419 a prime number?
True
Let a(h) be the third derivative of 199*h**5/60 - 7*h**4/12 - h**3/2 + h**2 - 10*h. Is a(-2) a prime number?
True
Let u(l) = 22*l**3 + 6*l**2 - 6